{"id":287,"date":"2023-04-27T13:36:01","date_gmt":"2023-04-27T13:36:01","guid":{"rendered":"https:\/\/covidgeneration.ch\/?page_id=287"},"modified":"2023-04-28T11:34:59","modified_gmt":"2023-04-28T11:34:59","slug":"bien-etre-des-jeunes-wp1","status":"publish","type":"page","link":"https:\/\/covidgeneration.ch\/index.php\/bien-etre-des-jeunes-wp1\/?lang=fr","title":{"rendered":"Bien-\u00eatre des jeunes (WP1)"},"content":{"rendered":"<p>L&#8217;objectif principal du WP1 est de mettre en lumi\u00e8re les facteurs qui influencent le bien-\u00eatre des jeunes (\u00e2g\u00e9s de 14 \u00e0 35 ans) pendant la pand\u00e9mie et au-del\u00e0 (\u00e0 court terme pendant la pand\u00e9mie et \u00e0 moyen terme jusqu&#8217;en 2024). En plus d&#8217;examiner, \u00e0 l&#8217;aide d&#8217;une approche par cohorte, si le bien-\u00eatre de la cohorte qui a connu la pand\u00e9mie a \u00e9t\u00e9 affect\u00e9 diff\u00e9remment par rapport \u00e0 une cohorte pr\u00e9pand\u00e9mique, nous examinons \u00e9galement deux types de facteurs qui y contribuent (1) si l&#8217;effet de la pand\u00e9mie sur le bien-\u00eatre a \u00e9t\u00e9 diff\u00e9rent en fonction de la position socio-\u00e9conomique des jeunes et (2) si l&#8217;effet sur le bien-\u00eatre a \u00e9t\u00e9 d\u00e9termin\u00e9 par des changements dans les liens sociaux, dans la position socio-\u00e9conomique et dans la situation scolaire et professionnelle au cours de la pand\u00e9mie.<\/p>\n<p>&nbsp;<\/p>\n<p>&nbsp;<\/p>\n<p>&nbsp;<\/p>\n","protected":false},"excerpt":{"rendered":"<p>L&#8217;objectif principal du WP1 est de mettre en lumi\u00e8re les facteurs qui influencent le bien-\u00eatre des jeunes (\u00e2g\u00e9s de 14 \u00e0 35 ans) pendant la pand\u00e9mie et au-del\u00e0 (\u00e0 court terme pendant la pand\u00e9mie et \u00e0 moyen terme jusqu&#8217;en 2024).<\/p>\n","protected":false},"author":3,"featured_media":0,"parent":0,"menu_order":0,"comment_status":"closed","ping_status":"closed","template":"","meta":{"slim_seo":{"title":"Bien-\u00eatre des jeunes (WP1) - CovidGeneration","description":"L'objectif principal du WP1 est de mettre en lumi\u00e8re les facteurs qui influencent le bien-\u00eatre des jeunes (\u00e2g\u00e9s de 14 \u00e0 35 ans) pendant la pand\u00e9mie et au-del\u00e0 ("},"footnotes":""},"class_list":["post-287","page","type-page","status-publish","hentry"],"_links":{"self":[{"href":"https:\/\/covidgeneration.ch\/index.php\/wp-json\/wp\/v2\/pages\/287","targetHints":{"allow":["GET"]}}],"collection":[{"href":"https:\/\/covidgeneration.ch\/index.php\/wp-json\/wp\/v2\/pages"}],"about":[{"href":"https:\/\/covidgeneration.ch\/index.php\/wp-json\/wp\/v2\/types\/page"}],"author":[{"embeddable":true,"href":"https:\/\/covidgeneration.ch\/index.php\/wp-json\/wp\/v2\/users\/3"}],"replies":[{"embeddable":true,"href":"https:\/\/covidgeneration.ch\/index.php\/wp-json\/wp\/v2\/comments?post=287"}],"version-history":[{"count":1,"href":"https:\/\/covidgeneration.ch\/index.php\/wp-json\/wp\/v2\/pages\/287\/revisions"}],"predecessor-version":[{"id":288,"href":"https:\/\/covidgeneration.ch\/index.php\/wp-json\/wp\/v2\/pages\/287\/revisions\/288"}],"wp:attachment":[{"href":"https:\/\/covidgeneration.ch\/index.php\/wp-json\/wp\/v2\/media?parent=287"}],"curies":[{"name":"wp","href":"https:\/\/api.w.org\/{rel}","templated":true}]}}

Bien-être des jeunes (WP1)

<p>L&#8217;objectif principal du WP1 est de mettre en lumière les facteurs qui influencent le bien-être des jeunes (âgés de 14 à 35 ans) pendant la pandémie et au-delà (à court terme pendant la pandémie et à moyen terme jusqu&#8217;en 2024). En plus d&#8217;examiner, à l&#8217;aide d&#8217;une approche par cohorte, si le bien-être de la cohorte qui a connu la pandémie a été affecté différemment par rapport à une cohorte prépandémique, nous examinons également deux types de facteurs qui y contribuent (1) si l&#8217;effet de la pandémie sur le bien-être a été différent en fonction de la position socio-économique des jeunes et (2) si l&#8217;effet sur le bien-être a été déterminé par des changements dans les liens sociaux, dans la position socio-économique et dans la situation scolaire et professionnelle au cours de la pandémie.</p>
<p>&nbsp;</p>
<p>&nbsp;</p>
<p>&nbsp;</p>

<p>L&#8217;objectif principal du WP1 est de mettre en lumière les facteurs qui influencent le bien-être des jeunes (âgés de 14 à 35 ans) pendant la pandémie et au-delà (à court terme pendant la pandémie et à moyen terme jusqu&#8217;en 2024).</p>

Bien-être des jeunes (WP1) - CovidGeneration

L'objectif principal du WP1 est de mettre en lumière les facteurs qui influencent le bien-être des jeunes (âgés de 14 à 35 ans) pendant la pandémie et au-delà (
