{"id":289,"date":"2023-04-27T13:36:01","date_gmt":"2023-04-27T13:36:01","guid":{"rendered":"https:\/\/covidgeneration.ch\/?page_id=289"},"modified":"2023-04-28T11:36:31","modified_gmt":"2023-04-28T11:36:31","slug":"das-wohlbefinden-junger-menschen-wp1","status":"publish","type":"page","link":"https:\/\/covidgeneration.ch\/index.php\/das-wohlbefinden-junger-menschen-wp1\/?lang=de","title":{"rendered":"Das Wohlbefinden junger Menschen (WP1)"},"content":{"rendered":"<p>Das Hauptziel von WP1 besteht darin, die Faktoren zu beleuchten, die das Wohlbefinden junger Menschen (im Alter von 14 bis 35 Jahren) w\u00e4hrend der Pandemie und dar\u00fcber hinaus (kurzfristig w\u00e4hrend der Pandemie und mittelfristig bis 2024) beeinflussen. Neben der Untersuchung mit einem Kohortenansatz, ob das Wohlbefinden der Kohorte, die die Pandemie erlebte, anders beeinflusst wurde als eine Kohorte vor der Pandemie, untersuchen wir auch zwei Arten von Faktoren, die dazu beitragen: (1) ob die Auswirkung der Pandemie auf das Wohlbefinden je nach sozio\u00f6konomischer Position der jungen Menschen unterschiedlich war und (2) ob die Auswirkung auf das Wohlbefinden durch Ver\u00e4nderungen in der sozialen Bindung, in der sozio\u00f6konomischen Position und in der schulischen und beruflichen Situation w\u00e4hrend der Pandemie verursacht wurde.<\/p>\n<p>&nbsp;<\/p>\n<p>&nbsp;<\/p>\n<p>&nbsp;<\/p>\n","protected":false},"excerpt":{"rendered":"<p>Das Hauptziel von WP1 besteht darin, die Faktoren zu beleuchten, die das Wohlbefinden junger Menschen (im Alter von 14 bis 35 Jahren) w\u00e4hrend der Pandemie und dar\u00fcber hinaus (kurzfristig w\u00e4hrend der Pandemie und mittelfristig bis 2024) beeinflussen. Neben der Untersuchung<\/p>\n","protected":false},"author":3,"featured_media":0,"parent":0,"menu_order":0,"comment_status":"closed","ping_status":"closed","template":"","meta":{"slim_seo":{"title":"Das Wohlbefinden junger Menschen (WP1) - CovidGeneration","description":"Das Hauptziel von WP1 besteht darin, die Faktoren zu beleuchten, die das Wohlbefinden junger Menschen (im Alter von 14 bis 35 Jahren) w\u00e4hrend der Pandemie und d"},"footnotes":""},"class_list":["post-289","page","type-page","status-publish","hentry"],"_links":{"self":[{"href":"https:\/\/covidgeneration.ch\/index.php\/wp-json\/wp\/v2\/pages\/289","targetHints":{"allow":["GET"]}}],"collection":[{"href":"https:\/\/covidgeneration.ch\/index.php\/wp-json\/wp\/v2\/pages"}],"about":[{"href":"https:\/\/covidgeneration.ch\/index.php\/wp-json\/wp\/v2\/types\/page"}],"author":[{"embeddable":true,"href":"https:\/\/covidgeneration.ch\/index.php\/wp-json\/wp\/v2\/users\/3"}],"replies":[{"embeddable":true,"href":"https:\/\/covidgeneration.ch\/index.php\/wp-json\/wp\/v2\/comments?post=289"}],"version-history":[{"count":1,"href":"https:\/\/covidgeneration.ch\/index.php\/wp-json\/wp\/v2\/pages\/289\/revisions"}],"predecessor-version":[{"id":290,"href":"https:\/\/covidgeneration.ch\/index.php\/wp-json\/wp\/v2\/pages\/289\/revisions\/290"}],"wp:attachment":[{"href":"https:\/\/covidgeneration.ch\/index.php\/wp-json\/wp\/v2\/media?parent=289"}],"curies":[{"name":"wp","href":"https:\/\/api.w.org\/{rel}","templated":true}]}}

<p>Das Hauptziel von WP1 besteht darin, die Faktoren zu beleuchten, die das Wohlbefinden junger Menschen (im Alter von 14 bis 35 Jahren) während der Pandemie und darüber hinaus (kurzfristig während der Pandemie und mittelfristig bis 2024) beeinflussen. Neben der Untersuchung mit einem Kohortenansatz, ob das Wohlbefinden der Kohorte, die die Pandemie erlebte, anders beeinflusst wurde als eine Kohorte vor der Pandemie, untersuchen wir auch zwei Arten von Faktoren, die dazu beitragen: (1) ob die Auswirkung der Pandemie auf das Wohlbefinden je nach sozioökonomischer Position der jungen Menschen unterschiedlich war und (2) ob die Auswirkung auf das Wohlbefinden durch Veränderungen in der sozialen Bindung, in der sozioökonomischen Position und in der schulischen und beruflichen Situation während der Pandemie verursacht wurde.</p>
<p>&nbsp;</p>
<p>&nbsp;</p>
<p>&nbsp;</p>

<p>Das Hauptziel von WP1 besteht darin, die Faktoren zu beleuchten, die das Wohlbefinden junger Menschen (im Alter von 14 bis 35 Jahren) während der Pandemie und darüber hinaus (kurzfristig während der Pandemie und mittelfristig bis 2024) beeinflussen. Neben der Untersuchung</p>

Das Hauptziel von WP1 besteht darin, die Faktoren zu beleuchten, die das Wohlbefinden junger Menschen (im Alter von 14 bis 35 Jahren) während der Pandemie und d
